ivisor of x and 96?
12
Suppose -2*c + 386 = 2*v, -3*v - 170 = c - 759. Calculate the greatest common divisor of v and 18.
18
Suppose 0*o + 4 = -3*n - 2*o, 2*n - 24 = 4*o. Suppose -c + 14 = -n*h, 0 = c + 2*h + 3*h. What is the highest common factor of 110 and c?
10
Let n = -21 - -12. Let l(s) = s**2 + 7*s - 13. Let j be l(n). What is the highest common divisor of 45 and j?
5
Let f(a) = -4*a**2 + 3*a**2 + 0 - 3 + 5*a. Let s be f(4). Suppose 4*q + 23 = 5*o + 7, 3*o - 16 = -4*q. Calculate the greatest common factor of q and s.
1
Let v be 1 - 0 - 2*1. Let c be (2 + v)/((-1)/6). Let l(q) = q**2 + 6*q + 6. Let y be l(c). What is the highest common divisor of 9 and y?
3
Suppose -26 + 82 = 7*h. What is the highest common divisor of 72 and h?
8
Suppose 0*o + 6 = -2*o, -s + 2*o = 0. Let a be (s/(-8))/(1/4). Calculate the highest common factor of a and 33.
3
Let u = -13 - -5. Let h(f) = -f**3 - 6*f**2 + 11*f + 12. Let y be h(u). Calculate the greatest common factor of 13 and y.
13
Suppose 0 = -20*a + 1036 + 804. What is the greatest common divisor of a and 4?
4
Let g(o) be the first derivative of -o + 3 - 3 - 3 - 2*o**2. Let x be g(-1). Calculate the greatest common factor of x and 3.
3
Let m be 6/8 + (-27)/(-12). Suppose -m*o + o = -72. Calculate the highest common factor of o and 4.
4
Let m = 90 + -80. What is the greatest common divisor of m and 15?
5
Let w be (-5)/((-2)/12*-3). Let n be w/5*(0 + -7). Calculate the highest common divisor of 98 and n.
14
Let q = 2 - 0. Suppose -5*g + 50 = 5*o, q*g = 2*o + 2*o + 20. Calculate the greatest common factor of g and 25.
5
Suppose 3 = 5*z + 8, -2*z = -2*j + 12. Suppose j*a = 0, o = 2*a - 1 + 8. Let l = 54 - 19. What is the highest common divisor of o and l?
7
Let h = 122 + -59. Suppose 29 = 5*s + 2*r, -2*s - 5*r + 22 = 2. Suppose -4*f = 20, s*m + 2*f - 60 = 5*f. What is the highest common divisor of h and m?
9
Suppose -5*s + 1764 = -s. What is the greatest common divisor of 49 and s?
49
Let b be 2*(-4)/(-24)*9. What is the highest common factor of b and 3?
3
Let z be (4 - (-36)/2) + -2. Calculate the greatest common factor of z and 5.
5
Let m be (96/20)/(1/40). Suppose 19*g - 15*g = m. What is the highest common divisor of g and 32?
16
Let y be (-1)/(0 + 3/(-207)). Calculate the greatest common divisor of 46 and y.
23
Let p(s) = s - 1. Let x(i) = -2*i - 6. Let t(k) = -p(k) - x(k). Let z be t(5). Let b = 4 + 14. What is the highest common divisor of z and b?
6
Let x be (-2)/3 - 386/(-3). Suppose 0*f = -f + x. Let o = -34 - -50. Calculate the greatest common divisor of o and f.
16
Let w be (8/14)/(2/7). Suppose -3*b + 171 = w*b - 3*r, 5*b = -r + 183. What is the greatest common divisor of 54 and b?
18
Suppose 38 + 27 = 5*w. Let r = 0 + -2. Let o = r + w. Calculate the highest common factor of 99 and o.
11
Suppose 5 = 3*c - 7. Let n be c/(-2)*135/(-9). What is the greatest common factor of n and 15?
15
Suppose -3*b = b - 64. Suppose -24 - b = -4*j. What is the highest common factor of j and 10?
10
Suppose -4*v = 5*w - 46, -2*v = 3*w - 26 - 2. Suppose -3*d = -d + 18. Let t be (2/6)/((-3)/d). Calculate the highest common factor of w and t.
1
Let q = 4 - -3. Let p = q - 5. Calculate the highest common divisor of 2 and p.
2
Let f = 59 - 36. What is the highest common divisor of f and 23?
23
Let o be 7/14 + 9/2. Suppose 5*f + 10 = 0, 2 = o*g - 5*f - 23. What is the greatest common divisor of g and 27?
3
Let l(h) = -13*h - 18. Let y be l(-6). What is the highest common divisor of 15 and y?
15
Let l(y) = 13*y - 6. Let s be l(2). Calculate the greatest common divisor of s and 160.
20
Suppose -135 = 4*m - 9*m. Suppose m = p - 37. Calculate the highest common divisor of p and 8.
8
Suppose 19 + 261 = -5*v. Suppose -i + 720 = 4*i. Let o = i + v. Calculate the highest common factor of 11 and o.
11
Let z = 64 + -48. Calculate the highest common divisor of 208 and z.
16
Let m be 3 + (0 - (-15 + -2)). What is the highest common divisor of m and 40?
20
Let m = 19 + -28. Let w be (m + 1)*48/(-32). What is the highest common divisor of 84 and w?
12
Let u = -28 - -19. Let i(d) = -9*d + 5. Let k be i(u). Suppose 0 = -3*l - b + k, 4*l + 4*b = 3*l + 47. What is the highest common divisor of 9 and l?
9
Let i be 1/((-3)/(-6)) + 2. Suppose -3*m = -4*y - 0*m + 156, i*y + 3*m - 132 = 0. Suppose -3*v = -v - y. Calculate the highest common divisor of 198 and v.
18
Let k be -2 - ((-10 - 2) + -1). Let d(j) = j**3 - 6*j**2 + 7*j + 1. Suppose 20 = 5*l - 15. Let y be d(l). What is the greatest common factor of k and y?
11
Let f(q) = -1. Let k(h) = h**2 + 8*h - 3. Let m(i) = 2*f(i) + k(i). Let n be m(-10). Calculate the greatest common factor of 5 and n.
5
Let h be (-3)/3 - 26/(-2). Suppose -28*o - 192 = -30*o. What is the greatest common divisor of o and h?
12
Suppose -2*w + 0*w = -24. What is the highest common factor of 84 and w?
12
Let j = 5 - 5. Suppose -q + 4*z + 40 = 0, 4*q - 4*z - 184 = -j*z. What is the greatest common factor of 16 and q?
16
Let p = -6 + 6. Suppose i + 49 = 3*w, 3*w - 4*w - 5*i + 43 = p. What is the greatest common divisor of 2 and w?
2
Suppose -b - 1 = -61. Let i = -2 + 62. Suppose 2*n - 5*n + i = 0. Calculate the greatest common factor of b and n.
20
Let k(w) = -w + 19. Let g be k(0). Let v = g + -6. What is the highest common divisor of v and 39?
13
Let f be 351/2 + (-1)/(-2). Let q be (-34)/(-2) + (-2 - (-7 - -6)). Calculate the highest common factor of f and q.
16
Let o = -17 + 51. Let z = 20 + 65. Calculate the highest common factor of z and o.
17
Let l(q) = q**3 + 7*q**2 - 7*q + 7. Let z be l(-8). Let y(i) = -28*i - 1. Let o be y(z). Calculate the highest common divisor of 18 and o.
9
Let r = -10 + 18. Suppose -o = o + 8. Let c = o + 8. What is the greatest common divisor of c and r?
4
Let u be 3/(3/5)*1. Suppose -m + 2*z = -25, m - u*z - 52 = -m. Calculate the greatest common divisor of 7 and m.
7
Suppose p = 3*l - 7 + 62, -3*l + 128 = 2*p. Let w = p + -41. Suppose -u - 2*u = -60. What is the highest common factor of w and u?
20
Suppose -5*i = 346 - 901. Calculate the highest common factor of i and 37.
37
Suppose -2*m + 38 = 5*j - 68, -3*m + 69 = 3*j. Calculate the highest common divisor of 140 and j.
20
Suppose 3*l - 37 = 2*l + 5*t, -l - 3*t - 3 = 0. Calculate the highest common divisor of l and 48.
12
Suppose -c - 2*l = c - 206, -3*l = 5*c - 505. What is the highest common divisor of 14 and c?
14
Let m(h) = h**2 + 3*h - 1. Let p be m(-5). Let d = -173 + 254. Calculate the highest common factor of p and d.
9
Let o(r) = 2*r**2 + 60. Let g be o(0). Calculate the highest common divisor of g and 30.
30
Suppose 9 + 60 = 3*q. Calculate the greatest common divisor of 23 and q.
23
Let y = -193 + 281. Let q(m) = -m**2 + 9*m + 8. Let f be q(9). Calculate the greatest common divisor of y and f.
8
Suppose -2*a - 2*w = a - 49, 5*a - 2*w = 87. Calculate the highest common factor of a and 17.
17
Let z be (10/(-15))/((-2)/90). Let y = -18 + z. Suppose -2*i = -3*i + y. Calculate the greatest common divisor of 4 and i.
4
Let m be 3 - (3/1 - 279). Calculate the greatest common divisor of 31 and m.
31
Suppose 516 = 3*a + 3*u - 381, 1491 = 5*a + 3*u. Suppose 2*i + a = 5*i. Calculate the greatest common factor of 11 and i.
11
Let w(v) = v - 3. Let x be w(4). Let c = x + 2. Let m be c/2*(-52)/(-6). What is the greatest common factor of m and 91?
13
Suppose 0 = 3*y + 2*y - 10. Calculate the highest common factor of 10 and y.
2
Suppose t - 168 = -6*t. What is the highest common factor of t and 3?
3
Let n = 39 - 21. Suppose 0 = -q + f + 26, 5*q - 80 = 2*q + f. Calculate the highest common factor of n and q.
9
Suppose 0 = 5*k + 427 - 1437. Suppose k + 43 = 5*p. What is the highest common factor of 7 and p?
7
Let n = -18 - -57. Suppose 18 + 11 = k - 4*f, 0 = -4*k - f + 48. What is the highest common divisor of k and n?
13
Let h(n) = n**2 + 13*n - 15. Let v be h(-15). What is the highest common divisor of 25 and v?
5
Let t = 12 + -13. Let w(x) be the third derivative of 91*x**5/60 + x**4/24 + x**3/6 + x**2. Let f be w(t). Calculate the highest common factor of f and 13.
13
Let t = -3 + 18. Let m(j) = j + 19. Let s be m(-4). Calculate the greatest common divisor of t and s.
15
Let g be (-2)/6 + (-452)/(-6). Suppose -3*l - a + 133 = 0, -3*